 7. Is (p/(-1) + 72)/2 a composite number?
False
Let s(r) be the second derivative of -r**4/12 + 4*r**3/3 - 7*r**2/2 - 2*r. Let t be s(7). Suppose j + 2*j - 21 = t. Is j composite?
False
Is ((-296)/(-10))/((-20)/(-50)) a prime number?
False
Suppose -107 = -3*k + 40. Is k prime?
False
Let k be (-1015)/(-15) + 2/(-3). Suppose i + 137 = 4*x, -x - i = x - k. Is x a prime number?
False
Let x = 1 - 4. Suppose -4*y - 3 = 1. Is (y + (-3 - -3))*x composite?
False
Suppose 5*g + 4 - 9 = 0. Let x = 15 + -15. Is 53 + (1 - x - g) a prime number?
True
Let f be (-4)/(-6) + (-1994)/(-6). Suppose -3*i + 0*i = -f. Is i prime?
False
Suppose 2*k - 514 = 3*g, k - 154 = -2*g + 96. Is k a composite number?
True
Let h(a) = -a**3 - 3*a**2 - 6*a + 8. Let t be h(-6). Suppose p - 5*p = n - 137, n - t = p. Is n a prime number?
True
Suppose 0 = -3*x - x + 492. Let d = -70 + x. Is d composite?
False
Let a = 10 + -6. Suppose 2*o + 11 = z + o, -a*o - 16 = 0. Is z composite?
False
Let v(n) = -n + 2. Let x be v(2). Suppose k + x*k = 291. Suppose -3*p - j + 232 = 0, -8*p - 5*j + k = -4*p. Is p a prime number?
True
Is (-4)/22 - (-3132)/44 composite?
False
Suppose -v = -4*c - 6*v + 13, 0 = -c + 2*v. Suppose c*y + 32 = 186. Is y a composite number?
True
Suppose 0*l + 4*m - 2336 = -4*l, 3*m + 2329 = 4*l. Is l prime?
False
Suppose 21 - 81 = -3*h. Suppose -90 = -5*o - h. Is o composite?
True
Let b(t) be the first derivative of -27*t**2/2 - 4*t - 5. Is b(-5) a prime number?
True
Is 8 + -8 - (1 + -214) a prime number?
False
Let t = -3 + 23. Suppose 4*b = -b + t. Suppose -1 = o - 3, -b*g + 3*o = -86. Is g prime?
True
Let s = 1616 - 1136. Suppose -3*l + s = l. Let r = -65 + l. Is r composite?
True
Suppose 0 = -4*t - u + 8, -2*t - 6 = -5*t + 2*u. Suppose 344 = l + 3*l - t*g, l - 86 = -5*g. Is l prime?
False
Let m be (-4)/4*(1 - 54). Let q = 111 - m. Is q prime?
False
Let i(f) = 16*f - 3 - f**3 - 15*f + 3. Let n(h) = 3*h**3 - 7*h - 1. Let k(m) = -4*i(m) - n(m). Is k(3) composite?
False
Let a(n) = -20*n - 7. Let t(y) = -y - 2. Let s be t(5). Is a(s) a composite number?
True
Let b(f) = f**2 + 7*f + 8. Let x be b(-6). Suppose 2*w = w + x. Suppose 0*r - 3*r + 35 = k, -4*r = -w*k + 70. Is k a prime number?
False
Suppose -5*j + 1 + 29 = 0. Let w(x) = 19*x + 5. Is w(j) composite?
True
Suppose -3*d + 2*u = -185, -3*d + 5*d - 134 = 4*u. Is d prime?
True
Suppose -4*b + 6*b - 5*z = -15, -4*b - 2*z = -6. Suppose 0 = -b*s - s + 419. Is s composite?
False
Suppose 3*l = y + 367, -3*l + 0*y + 3*y = -357. Let t = l + -87. Is t a composite number?
False
Let q(s) be the first derivative of -s**4/4 - s**2/2 + 7*s - 1. Suppose 2*g + 2*g = 0. Is q(g) a composite number?
False
Let i(m) = m - 4. Let o be i(-6). Let v be 16/8 - o/(-2). Is 10*v/(-6) - -2 composite?
False
Is (-3)/(-4) - 15/20 - -557 a composite number?
False
Let w(r) = -1. Let a(i) = 7*i**2 + 5*i - 1. Let p(m) = a(m) + 4*w(m). Is p(4) a composite number?
False
Suppose 38 + 13 = 3*k. Let j = k + 50. Is j a prime number?
True
Let v = -19 - -36. Suppose k = 2*b + v, 3*b - 8*k + 3*k + 22 = 0. Is (-321)/b - (-2)/(-3) a composite number?
True
Is 3 - -1449 - 1*-5 prime?
False
Suppose 4*n - 4 = 256. Is n a composite number?
True
Let j(r) = r**2 - 6*r + 3. Let d = 12 - 17. Is j(d) prime?
False
Suppose -4*x = -9*x + 2*l + 6243, -3*l - 1246 = -x. Is x composite?
False
Let y(p) = 12*p**2 - 3*p - 33. Is y(6) prime?
False
Suppose 0 = -2*l - 0*l + 2. Let a be (1 - 2)/(6/(-12)). Is (72 - a) + 0 - l prime?
False
Let q(f) = f**3 + 5*f**2 + 3*f - 2. Let w be q(-4). Suppose w*a = -4 + 20. Let u = a - 5. Is u a prime number?
True
Let u = 6 + 4. Let n(q) = u - 6*q + q**2 + 4*q**2 + q**3 - 3. Is n(-5) a composite number?
False
Let f = 2654 + -1255. Is f a prime number?
True
Let x(m) be the second derivative of m**4/6 - m**3/2 - 3*m**2/2 + 3*m. Let b be x(6). Let k = b - 14. Is k a prime number?
True
Let j(b) = b**2 + 3*b - 5. Let t = -36 + 26. Let a be (15/t)/((-6)/16). Is j(a) a composite number?
False
Let o be (0*(-1)/3)/(-1). Suppose x + 2 - 4 = o. Suppose 0 = x*p - 18. Is p a composite number?
True
Suppose 0 = -2*k - 9*k + 6721. Is k composite?
True
Is -863*-1*((-1 - -3) + -1) a composite number?
False
Suppose 0*k - 315 = -k + 4*h, 4*k = 4*h + 1320. Is k a prime number?
False
Let p be ((-25)/2)/(2/(-4)). Suppose -3*m - 42 = -0*m + 5*a, -4*a = -m - 14. Let u = p + m. Is u a composite number?
False
Suppose -5*g + 2*m + 0*m = -6675, -4*m - 6665 = -5*g. Is g prime?
False
Let h = -12 + 12. Suppose h = a - 42 - 25. Is a prime?
True
Suppose 3*i + 1228 = 4*c, 3*c - c = -2*i + 614. Is c prime?
True
Suppose -4*r + 72 = 3*q, -5*r = -5*q - 74 - 51. Is (470/6)/(7/r) composite?
True
Let v be (-2)/8 + 32046/24. Suppose g - 4*g = -v. Is g composite?
True
Is (-3 - 0/1) + 214 a composite number?
False
Let w be 14*-36 - (-5 - -3). Is (w/5)/(4/(-10)) prime?
True
Let x(a) = -17*a + 1. Let q be x(-1). Suppose 45 = 3*o - q. Is o a composite number?
True
Suppose 2*d - 30 = -3*d. Suppose 0 = p - d*p + 895. Is p a prime number?
True
Suppose 0 = -n - 0*n + 131. Is n composite?
False
Let h(o) = o**3 + 7*o**2 - 6*o - 7. Is h(-6) a composite number?
True
Suppose 4*k - 5*k + 5*i + 822 = 0, -5*k + 3960 = 5*i. Is k a prime number?
True
Let y be (-5 + 0)*114/(-15). Suppose -128 - 164 = -4*d. Let a = d - y. Is a a composite number?
True
Suppose 0*s - 40 = -4*s. Is s a prime number?
False
Let i(l) = 50*l - 1. Is i(4) prime?
True
Let l be 0 + -3 + 0 - -839. Suppose 0*n + l = 4*n. Is n a composite number?
True
Let w(j) = j**2 - 9*j - 1. Let l be w(9). Let q = l - -4. Is q a composite number?
False
Suppose -3*d - 3 = s, 28 = 4*s + 5*d - 3*d. Suppose -i = -2*r + 3*r - s, 4*i - 5*r - 9 = 0. Let y(o) = 13*o - 1. Is y(i) a prime number?
False
Let g(w) = 2*w**2 - w + 77. Is g(0) a prime number?
False
Let p(x) be the third derivative of x**5/60 + x**4/6 + 7*x**3/6 - 16*x**2. Let c(n) = -4*n + 2. Let s be c(3). Is p(s) composite?
False
Let t = -2 + 6. Let o be (-179)/4 + (-1)/t. Let x = o - -102. Is x prime?
False
Suppose m - 4*s - 5725 = 0, 5*m + 2*s - 28670 = 7*s. Is m a prime number?
True
Let m(b) = -b**3 + 9*b**2 - 3*b - 6. Let r be m(9). Let u = r + 54. Let y = u - -14. Is y a prime number?
False
Let k = -109 + 176. Is k a prime number?
True
Suppose -497 = -2*w + 3*f - 108, -5*w - 4*f = -1007. Is w a composite number?
False
Let c = -5 + 1. Let u = -2 - c. Suppose -u*q + 8 = 0, q + 81 + 100 = 5*z. Is z prime?
True
Suppose 0 = 4*f + f - 25. Let s be 2 - f/((-10)/116). Suppose s = 3*m + 3*a, -3*m - 5*a = -26 - 28. Is m composite?
False
Let i be 70/(-15) + (-1)/3. Let g be -249*(i/(-3))/(-5). Let c = -44 + g. Is c prime?
False
Suppose -2565 = -5*a - 3*k - 2*k, 0 = 2*a + 3*k - 1024. Is a a prime number?
False
Suppose 2 = -f - 4. Let o = f - -1. Let i(p) = p**3 + 5*p**2 - 4*p - 6. Is i(o) prime?
False
Let c = 7837 - 5382. Is c composite?
True
Let z(i) = i**2 - 2. Let o be z(-2). Is o + (93 - 6/(-3)) prime?
True
Suppose 0 = -5*m + 4*m + 22. Suppose 15 = -5*u, h - u - 19 = m. Is h composite?
True
Let n be (-52)/6 - 2/(-3). Is (-366)/5*20/n prime?
False
Let n(p) = -p**2 - p + 298. Is n(0) a composite number?
True
Suppose -5*h = 43 - 3. Let s(w) = 2*w**3 + 4*w - 3. Let x be s(2). Let c = h + x. Is c composite?
False
Let h(u) = u**2 - u + 102. Let b = -2 + 2. Let l be h(b). Suppose 4*a + 0*q + 3*q = 86, 4*a - 5*q - l = 0. Is a prime?
True
Let u(f) = -f**2 + f + 1. Let o be u(-1). Let m be (-19)/((-2)/((-4)/o)). Is (-3)/(-1) + m/2 a prime number?
False
Suppose 0 = -3*k + 6, -3*k + k - 2341 = -5*w. Is w prime?
False
Is 40/(-22) - -2 - (-117873)/77 composite?
False
Suppose -95 = -2*f + t - 20, -4*f - 4*t + 168 = 0. Let g = 58 - f. Is g a prime number?
True
Let o = 2277 + -412. Is o a prime number?
False
Is 3 - (-12)/(-2) - -134 a composite number?
False
Let s(q) = 7*q**2 - q - 4. Let n be s(-3). Suppose -2*d = 2*a - n, d + 15 = -3*a + 42. Is d a composite number?
True
Suppose -o + 9681 = 2*o. Is o prime?
False
Let q be ((-440)/(-6))/((-4)/(-18)). Suppose c = -5*l + q, -2*l + 7*l = 2*c + 315. Is l prime?
False
Suppose 4*c + 2*s - 5002 = -3*s, 4*s = c - 1261. Is c prime?
False
Suppose -13*p + 186 = 4. Is p composite?
True
Let r = 3 + 0. Is 1/2*(r + 379) a composite number?
False
Let g = -242 + 1535. Is g composite?
True
